hat is 109 + -b207?
-b0cb
In base 3, what is -2 + -10011111010?
-10011111012
In base 16, what is -5b1 + -81?
-632
In base 12, what is -11127 + 26?
-11101
In base 14, what is 45 + -123?
-bc
In base 10, what is 9022 + -1?
9021
In base 4, what is 10222 - -2013?
12301
In base 12, what is -4b0 - -109?
-3a3
In base 9, what is -14 - 1658?
-1673
In base 3, what is 121110 + 122210?
1021020
In base 3, what is 11121200 + -220?
11120210
In base 5, what is 4033341 + -10?
4033331
In base 10, what is -856 + 21?
-835
In base 4, what is -312201003 - 1?
-312201010
In base 5, what is 4333 + -121413?
-112030
In base 6, what is -3213124 - 0?
-3213124
In base 8, what is 1441 - -43?
1504
In base 9, what is 3057 - 31?
3026
In base 8, what is 24 - -1122?
1146
In base 9, what is 4 - 2761?
-2756
In base 7, what is 4263 + -14413?
-10120
In base 3, what is -1222111 - 1011012?
-10010200
In base 6, what is 0 - 1033443?
-1033443
In base 9, what is -25481 - -11?
-25470
In base 6, what is 2 - 533000?
-532554
In base 13, what is -5 - 371?
-376
In base 11, what is -5 + -40808a?
-408094
In base 4, what is 312300 + 20223?
333123
In base 2, what is -10 - -1011001100010110?
1011001100010100
In base 10, what is 683 + 287?
970
In base 9, what is 48 - -4253?
4312
In base 11, what is a5513 - 7?
a5507
In base 10, what is -5 - 12210?
-12215
In base 12, what is 1551 - -3bb?
1950
In base 15, what is -5 - 788e?
-7894
In base 10, what is 50 - 2037?
-1987
In base 11, what is -75323 + -9?
-75331
In base 7, what is 42433 - 535?
41565
In base 14, what is 0 - -1419b?
1419b
In base 12, what is 7 + 31a?
325
In base 5, what is 110 + 14234?
14344
In base 10, what is 10921 - 6?
10915
In base 5, what is -240 - -1030?
240
In base 8, what is -1143 - 66?
-1231
In base 12, what is -51501 - -5?
-514b8
In base 4, what is -1000123333 - -31?
-1000123302
In base 9, what is 3201 - 1526?
1564
In base 5, what is -1001122 - 3?
-1001130
In base 4, what is -10 - 11303303?
-11303313
In base 3, what is 120001021 + 1000?
120002021
In base 9, what is -250 - -700?
440
In base 6, what is 44454 + 230?
45124
In base 7, what is -1231066 + 0?
-1231066
In base 14, what is -7 + 13c07?
13c00
In base 6, what is 4004511 - -5?
4004520
In base 7, what is -252635 - 123?
-253061
In base 13, what is 784934 + 1?
784935
In base 3, what is 12 - -102001220211?
102001221000
In base 8, what is 2352 - 201?
2151
In base 2, what is 1001 + -10010001100?
-10010000011
In base 14, what is -26 + bd66?
bd40
In base 7, what is 1412321 - 5?
1412313
In base 10, what is 216 + 72?
288
In base 8, what is -355 + 2142?
1565
In base 15, what is 143e + -1?
143d
In base 6, what is -11 - 103010?
-103021
In base 16, what is 48b - -29?
4b4
In base 6, what is 4 + -33303120?
-33303112
In base 10, what is -12063 - 42?
-12105
In base 16, what is -1 - -fa8?
fa7
In base 11, what is -18 + -38923?
-38940
In base 4, what is 103122133 + 20?
103122213
In base 15, what is -10 - 1dada?
-1daea
In base 9, what is 121507 - -8?
121516
In base 13, what is 2 + -32b73?
-32b71
In base 11, what is 6511 + -5?
6507
In base 12, what is -167 - -389?
222
In base 9, what is -73524 - -3?
-73521
In base 4, what is -2313 - -2010220?
2001301
In base 7, what is -224 - -46?
-145
In base 13, what is -b329 + -3a?
-b366
In base 5, what is -44103 + -1?
-44104
In base 3, what is 0 - 210111221?
-210111221
In base 2, what is 100101011011000 - 101?
100101011010011
In base 11, what is -6007 - -3?
-6004
In base 3, what is -10210200 + 10?
-10210120
In base 11, what is -9 - 1047?
-1055
In base 11, what is 110583 - -1?
110584
In base 10, what is 37 - -11478?
11515
In base 9, what is 50375 - 4?
50371
In base 10, what is 69 + -5198?
-5129
In base 16, what is -2 + 8ee5?
8ee3
In base 2, what is -11000 + 10010110111011?
10010110100011
In base 2, what is 1100010000001000100 + 10?
1100010000001000110
In base 14, what is 1311 - 1c?
12d3
In base 5, what is 4134 + 132?
4321
In base 11, what is 0 + 4448a?
4448a
In base 9, what is 10 - 586?
-576
In base 3, what is 12 + 1102000211122?
1102000211211
In base 6, what is -133 - 113234?
-113411
In base 3, what is -10 + -110012112?
-110012122
In base 14, what is 108 - -48?
152
In base 5, what is 0 - 420332?
-420332
In base 6, what is -5 - -4151534?
4151525
In base 11, what is 539a - 4?
5396
In base 4, what is 11113 - 30?
11023
In base 6, what is 11040325 + -4?
11040321
In base 2, what is 10 - -1000001110000010?
1000001110000100
In base 5, what is -313 - 34434?
-40302
In base 14, what is 263d + -7?
2636
In base 13, what is -6a82 + 11?
-6a71
In base 9, what is 33 - 67574?
-67541
In base 13, what is -14 - -23c2?
23ab
In base 16, what is 9 + 7cb?
7d4
In base 14, what is -12 - -92cb?
92b9
In base 15, what is 28314 + 5?
28319
In base 10, what is -26 + -2610?
-2636
In base 15, what is 512e30 - 1?
512e2e
In base 6, what is 5422135 - 5?
5422130
In base 2, what is 1011001110010 - -11100?
1011010001110
In base 2, what is -11 - -11101001010110000?
11101001010101101
In base 4, what is 2013 - -1013332?
1022011
In base 5, what is 242 - 210412?
-210120
In base 2, what is -10 + 11000110101100?
11000110101010
In base 14, what is -6 - -d4b?
d45
In base 3, what is 2201 - -100111?
110012
In base 13, what is -9 - 722b?
-7237
In base 10, what is -626 - 194?
-820
In base 15, what is 3 - -33bd?
33c1
In base 9, what is -1356 + 17?
-1338
In base 15, what is 4 - -abda0?
abda4
In base 16, what is -16ad - -6?
-16a7
In base 8, what is -316 - 107?
-425
In base 14, what is 4a0 - 1d3?
2ab
In base 16, what is -180 - c3c?
-dbc
In base 7, what is 15356 - -120?
15506
In base 6, what is 30 + -1042?
-1012
In base 3, what is 2002010202 - -210?
2002011112
In base 7, what is 5 + 6266?
6304
In base 6, what is 205024 - -30?
205054
In base 13, what is -36ca7 - -1?
-36ca6
In base 11, what is -244a - -419?
-2031
In base 4, what is -11 + 203000021?
203000010
In base 6, what is -3 - -100034?
100031
In base 15, what is -2 + 3385?
3383
In base 13, what is -1 - 296904?
-296905
In base 14, what is -13d40 - 2?
-13d42
In base 5, what is 3 - 33112212?
-33112204
In base 13, what is a4 + -237?
-163
In base 2, what is -111001001010 - -10111?
-111000110011
In base 12, what is -110 - -1b?
-b1
In base 16, what is 10 + 82b?
83b
In base 15, what is -4 + -49c77?
-49c7b
In base 14, what is 7d9 + 3b?
836
In base 16, what is 5 - -5a5a?
5a5f
In base 16, what is 4 - 5057f?
-5057b
In base 8, what is 13 - -7272?
7305
In base 13, what is -1b + 41a48?
41a2a
In base 2, what is -100101100100110001101 + -10?
-100101100100110001111
In base 4, what is 1300021 + 102?
1300123
In base 3, what is 11 - -100102010002?
100102010020
In base 5, what is -20302 - -23?
-20224
In base 5, what is 0 + 4431?
4431
In base 14, what is -3 + -b41?
-b44
In base 5, what is -144 - -2003?
1304
In base 2, what is 111101101 - -100001010?
1011110111
In base 11, what is -550 + -96?
-636
In base 7, what is 6 - 2120041?
-2120032
In base 3, what is 1101010222010 + -11?
1101010221222
In base 5, what is -230 - -3121?
2341
In base 13, what is -3 + a312?
a30c
In base 4, what is -3 + -233111000?
-233111003
In base 7, what is -254 - 52252?
-52536
In base 2, what is -1 - -11010111010001111?
11010111010001110
In base 6, what is 351 - 223?
124
In base 12, what is 435841 - -3?
435844
In base 10, what is -27 - 40021?
-40048
In base 14, what is -784 - 84b?
-11d1
In base 6, what is -5 + 404302?
404253
In base 4, what is 1112202 + -2220?
1103322
In base 2, what is 10111 - -101111011110?
101111110101
In base 4, what is -11 + 131220020?
131220003
In base 3, what is -2202212201220 - 1?
-2202212201221
In base 11, what is aa60 + -2?
aa59
In base 6, what is -1 + -1011543?
-1011544
In base 15, what is -21a86 - 0?
-21a86
In base 4, what is 22121 - 11031?
11030
In base 9, what is 8 + 1460?
1468
In base 3, what is 211 + 110111120?
110112101
In base 11, what is -2056 + -37?
-2092
In base 2, what is 100 + -10000100111111010?
-10000100111110110
In base 5, what is 412020 - 240?
411230
In base 11, what is 1a4408 - 2?
1a4406
In base 11, what is -2a3 - -122?
-181
In base 13, what is -4 + 16143?
1613c
In base 8, what is -2332 - 42?
-2374
In base 11, what is 5 - -36749?
36753
In base 6, what is -424443 + 24?
-424415
In base 4, what is -1131013 - 110?
-1131123
In base 14, what is 800c - 45?
7da7
In base 4, what is -2 